?
2, 3, 122691167
List the prime factors of 323637989.
113, 131, 21863
List the prime factors of 253227.
3, 13, 43, 151
List the prime factors of 823183431.
3, 7, 101, 388111
List the prime factors of 417941477.
241, 1734197
What are the prime factors of 446162523?
3, 1279, 116279
What are the prime factors of 1771351421?
7, 4357, 8297
What are the prime factors of 419487883?
89, 4713347
What are the prime factors of 785711476?
2, 11, 61, 4799
List the prime factors of 804257517.
3, 7, 19, 41, 211, 233
What are the prime factors of 436335269?
8581, 50849
List the prime factors of 3103788.
2, 3, 181, 1429
What are the prime factors of 82917190?
2, 5, 67, 123757
List the prime factors of 71007628.
2, 17751907
What are the prime factors of 3315365091?
3, 31, 2251, 5279
List the prime factors of 5663500864.
2, 7, 23, 549641
List the prime factors of 1977178639.
6373, 310243
List the prime factors of 1140211500.
2, 3, 5, 760141
List the prime factors of 620570212.
2, 155142553
List the prime factors of 263180755.
5, 1297, 40583
List the prime factors of 141449774.
2, 1171, 60397
What are the prime factors of 6206104?
2, 43, 18041
What are the prime factors of 275124698?
2, 137562349
List the prime factors of 262105795.
5, 7, 7488737
What are the prime factors of 3788623548?
2, 3, 105239543
What are the prime factors of 34163063?
11, 449, 6917
List the prime factors of 2014794199.
11, 137, 1336957
What are the prime factors of 152741411?
1009, 151379
List the prime factors of 287977774.
2, 7, 1049, 19609
What are the prime factors of 24459237?
3, 11, 107, 2309
What are the prime factors of 368220148?
2, 97, 949021
List the prime factors of 33958215.
3, 5, 754627
What are the prime factors of 101215769?
47, 139, 15493
List the prime factors of 63619427.
73, 457, 1907
List the prime factors of 43218519.
3, 14406173
What are the prime factors of 15181503?
3, 389, 13009
List the prime factors of 27315317.
27315317
What are the prime factors of 129915726?
2, 3, 61, 354961
List the prime factors of 93562968.
2, 3, 17, 229321
What are the prime factors of 102245056?
2, 43, 53, 701
What are the prime factors of 24799181?
11, 199, 11329
What are the prime factors of 43321449?
3, 173, 83471
List the prime factors of 32552061.
3, 23, 471769
List the prime factors of 9479624.
2, 7, 11, 1399
List the prime factors of 295382929.
295382929
What are the prime factors of 251541875?
5, 13, 83, 373
What are the prime factors of 481197527?
211, 421, 5417
List the prime factors of 1079696119.
6607, 163417
What are the prime factors of 1367916324?
2, 3, 19, 5999633
List the prime factors of 347262671.
7, 23, 1297, 1663
What are the prime factors of 6750023808?
2, 3, 11, 17, 23, 61, 67
List the prime factors of 34147012.
2, 8536753
What are the prime factors of 12348156?
2, 3, 1029013
What are the prime factors of 10106630?
2, 5, 337, 2999
List the prime factors of 2912060888.
2, 11, 31, 1067471
What are the prime factors of 314853957?
3, 11, 17, 29, 6451
What are the prime factors of 138724549?
138724549
List the prime factors of 160778271.
3, 53592757
What are the prime factors of 163206114?
2, 3, 23, 179, 6607
List the prime factors of 94435951.
31, 37, 281, 293
What are the prime factors of 4789642921?
7, 7481, 91463
List the prime factors of 387611051.
79, 4906469
List the prime factors of 5312208220.
2, 5, 11, 24146401
List the prime factors of 1271148661.
53, 23983937
List the prime factors of 4575628.
2, 257, 4451
List the prime factors of 3779127.
3, 11, 59, 647
List the prime factors of 3379421151.
3, 71, 5288609
List the prime factors of 73347541.
73347541
List the prime factors of 2729559305.
5, 11, 49628351
List the prime factors of 21408128.
2, 7, 23893
List the prime factors of 1134296041.
359, 1039, 3041
What are the prime factors of 33539280?
2, 3, 5, 139747
What are the prime factors of 81668575?
5, 3266743
List the prime factors of 476871281.
37, 1051, 12263
What are the prime factors of 57185008?
2, 17, 83, 149
List the prime factors of 5377799074.
2, 17, 79, 2002159
What are the prime factors of 2312921782?
2, 593, 1950187
List the prime factors of 3625528849.
3625528849
What are the prime factors of 1036077746?
2, 11, 4281313
What are the prime factors of 1394170974?
2, 3, 7, 67, 55049
List the prime factors of 2465778815.
5, 493155763
What are the prime factors of 41474476?
2, 281, 36899
What are the prime factors of 8394289373?
25169, 333517
What are the prime factors of 1263021715?
5, 17, 14859079
What are the prime factors of 155211144?
2, 3, 11, 101, 5821
What are the prime factors of 323709459?
3, 59, 1828867
What are the prime factors of 60554556?
2, 3, 443, 3797
List the prime factors of 273779703.
3, 10139989
List the prime factors of 43748207.
157, 278651
What are the prime factors of 6032146641?
3, 151, 1153, 11549
What are the prime factors of 19852359?
3, 19, 348287
What are the prime factors of 28710752?
2, 7, 128173
What are the prime factors of 2141768292?
2, 3, 178480691
List the prime factors of 66719598.
2, 3, 11, 1010903
What are the prime factors of 5470702246?
2, 31, 88237133
What are the prime factors of 457721313?
3, 7, 21796253
List the prime factors of 133821659.
23, 252971
What are the prime factors of 31503372?
2, 3, 1381, 1901
List the prime factors of 1134721789.
463, 769, 3187
List the prime factors of 2662462841.
29453, 90397
What are the prime factors of 352244129?
199, 1770071
What are the prime factors of 737032052?
2, 137, 1344949
List the prime factors of 3059006164.
2, 23, 33250067
What are the prime factors of 3633794460?
2, 3, 5, 19, 118057
What are the prime factors of 2488898460?
2, 3, 5, 41481641
List the prime factors of 5312781668.
2, 239, 1021, 5443
What are the prime factors of 252868003?
23, 10994261
What are the prime factors of 1056837433?
139, 7603147
What are the prime factors of 152772205?
5, 30554441
List the prime factors of 1250941304.
2, 19, 337, 24421
What are the prime factors of 46267497?
3, 103, 127, 131
List the prime factors of 22162372.
2, 43, 269, 479
What are the prime factors of 159916230?
2, 3, 5, 1776847
What are the prime factors of 84003066?
2, 3, 7, 19, 35089
List the prime factors of 8675897.
67, 129491
List the prime factors of 5183258490.
2, 3, 5, 53, 1086637
What are the prime factors of 16563977?
947, 17491
List the prime factors of 113560023.
3, 37853341
What are the prime factors of 354163026?
2, 3, 7, 8432453
What are the prime factors of 316926813?
3, 7, 43, 350971
List the prime factors of 176930983.
19, 47, 239, 829
What are the prime factors of 227712665?
5, 45542533
List the prime factors of 72580407.
3, 3889, 6221
What are the prime factors of 1093784468?
2, 7, 487, 1637
What are the prime factors of 1293464118?
2, 3, 2039, 105727
What are the prime factors of 1574478?
2, 3, 9719
List the prime factors of 30489258.
2, 3, 37, 137339
What are the prime factors of 227330902?
2, 17, 6686203
List the prime factors of 5804501557.
163, 179, 198941
What are the prime factors of 166689335?
5, 17, 593, 3307
List the prime factors of 2453574609.
3, 29, 324161
What are the prime factors of 33965280?
2, 3, 5, 103, 229
List the prime factors of 1319536752.
2, 3, 27490349
List the prime factors of 2095792898.
2, 2549, 411101
List the prime factors of 1210911846.
2, 3, 201818641
List the prime factors of 591395472.
2, 3, 1368971
What are the prime factors of 2898128799?
3, 1487, 216553
What are the prime factors of 180842591?
180842591
List the prime factors of 689056567.
107, 2411, 2671
List the prime factors of 63070539.
3, 7, 3003359
What are the prime factors of 84672888?
2, 3, 3528037
List the prime factors of 4800687.
3, 53, 109, 277
What are the prime factors of 42699491?
41, 1041451
List the prime factors of 1962216083.
31, 1439, 43987
List the prime factors of 674853026.
2, 29, 73, 159389
List the prime factors of 633983252.
2, 7, 22642259
List the prime factors of 56724615.
3, 5, 1260547
List the prime factors of 3542311076.
2, 1013, 874213
What are the prime factors of 480447435?
3, 5, 13, 2463833
What are the prime factors of 1527855181?
31, 79, 623869
List the prime factors of 432646251.
3, 144215417
List the prime factors of 788417304.
2, 3, 199, 165079
List the 